{"id":248,"date":"2018-05-11T16:24:48","date_gmt":"2018-05-11T16:24:48","guid":{"rendered":"http:\/\/moricz.arrabonus.hu\/erasmus-baratsag\/?page_id=248"},"modified":"2018-05-11T17:41:09","modified_gmt":"2018-05-11T17:41:09","slug":"kepzest-segito-tananyagok","status":"publish","type":"page","link":"https:\/\/moricz.arrabonus.hu\/erasmus-baratsag\/kepzest-segito-tananyagok\/","title":{"rendered":"K\u00e9pz\u00e9st seg\u00edt\u0151 tananyagok"},"content":{"rendered":"<h2>Bevezet\u0151 el\u0151ad\u00e1s a di\u00e1kv\u00e1llalkoz\u00e1sok m\u0171k\u00f6d\u00e9s\u00e9r\u0151l<\/h2>\n<p><iframe loading=\"lazy\" style=\"border: 1px solid #CCC; border-width: 1px; margin-bottom: 5px; max-width: 100%;\" src=\"\/\/www.slideshare.net\/slideshow\/embed_code\/key\/b5zyasj8Jmyvz0\" width=\"595\" height=\"485\" frameborder=\"0\" marginwidth=\"0\" marginheight=\"0\" scrolling=\"no\" allowfullscreen=\"allowfullscreen\"> <\/iframe><\/p>\n<h2>Di\u00e1kv\u00e1llalkoz\u00e1s l\u00e9p\u00e9sr\u0151l l\u00e9p\u00e9sre<\/h2>\n<p>Tov\u00e1bbi nyelveken el\u00e9rhet\u0151, let\u00f6lthet\u0151:\u00a0<a href=\"http:\/\/moricz.arrabonus.hu\/erasmus-baratsag\/wp-content\/uploads\/2018\/05\/students-enterprise.pptx\">angol<\/a>,\u00a0<a href=\"http:\/\/moricz.arrabonus.hu\/erasmus-baratsag\/wp-content\/uploads\/2018\/05\/students-enterprse_pol.pptx\">lengyel<\/a><\/p>\n<p><iframe loading=\"lazy\" style=\"border: 1px solid #CCC; border-width: 1px; margin-bottom: 5px; max-width: 100%;\" src=\"\/\/www.slideshare.net\/slideshow\/embed_code\/key\/EQTFU0JSNMv6xN\" width=\"595\" height=\"485\" frameborder=\"0\" marginwidth=\"0\" marginheight=\"0\" scrolling=\"no\" allowfullscreen=\"allowfullscreen\"> <\/iframe><\/p>\n<h2><strong>Tov\u00e1bbi let\u00f6lthet\u0151 seg\u00e9danyagok:<\/strong><\/h2>\n<ul>\n<li><a href=\"http:\/\/moricz.arrabonus.hu\/erasmus-baratsag\/wp-content\/uploads\/2018\/05\/Oktat\u00e1si-seg\u00e9danyag-hun.docx\">V\u00e1llalkoz\u00e1si ismeretek di\u00e1koknak<\/a><\/li>\n<li><a href=\"http:\/\/moricz.arrabonus.hu\/erasmus-baratsag\/wp-content\/uploads\/2018\/05\/business-knowledge.docx\">Business Knowledge for Students<\/a><\/li>\n<\/ul>\n","protected":false},"excerpt":{"rendered":"<p>Bevezet\u0151 el\u0151ad\u00e1s a di\u00e1kv\u00e1llalkoz\u00e1sok m\u0171k\u00f6d\u00e9s\u00e9r\u0151l Di\u00e1kv\u00e1llalkoz\u00e1s l\u00e9p\u00e9sr\u0151l l\u00e9p\u00e9sre Tov\u00e1bbi nyelveken el\u00e9rhet\u0151, let\u00f6lthet\u0151:\u00a0angol,\u00a0lengyel Tov\u00e1bbi let\u00f6lthet\u0151 seg\u00e9danyagok: V\u00e1llalkoz\u00e1si ismeretek di\u00e1koknak Business Knowledge for Students<\/p>\n","protected":false},"author":1,"featured_media":0,"parent":0,"menu_order":0,"comment_status":"closed","ping_status":"closed","template":"","meta":[],"_links":{"self":[{"href":"https:\/\/moricz.arrabonus.hu\/erasmus-baratsag\/wp-json\/wp\/v2\/pages\/248"}],"collection":[{"href":"https:\/\/moricz.arrabonus.hu\/erasmus-baratsag\/wp-json\/wp\/v2\/pages"}],"about":[{"href":"https:\/\/moricz.arrabonus.hu\/erasmus-baratsag\/wp-json\/wp\/v2\/types\/page"}],"author":[{"embeddable":true,"href":"https:\/\/moricz.arrabonus.hu\/erasmus-baratsag\/wp-json\/wp\/v2\/users\/1"}],"replies":[{"embeddable":true,"href":"https:\/\/moricz.arrabonus.hu\/erasmus-baratsag\/wp-json\/wp\/v2\/comments?post=248"}],"version-history":[{"count":8,"href":"https:\/\/moricz.arrabonus.hu\/erasmus-baratsag\/wp-json\/wp\/v2\/pages\/248\/revisions"}],"predecessor-version":[{"id":282,"href":"https:\/\/moricz.arrabonus.hu\/erasmus-baratsag\/wp-json\/wp\/v2\/pages\/248\/revisions\/282"}],"wp:attachment":[{"href":"https:\/\/moricz.arrabonus.hu\/erasmus-baratsag\/wp-json\/wp\/v2\/media?parent=248"}],"curies":[{"name":"wp","href":"https:\/\/api.w.org\/{rel}","templated":true}]}}