{"id":50,"date":"2017-01-03T19:00:49","date_gmt":"2017-01-03T19:00:49","guid":{"rendered":"https:\/\/diakvallalkozasplus.000webhostapp.com\/?page_id=50"},"modified":"2018-05-11T17:11:17","modified_gmt":"2018-05-11T17:11:17","slug":"mezedes-rt","status":"publish","type":"page","link":"https:\/\/moricz.arrabonus.hu\/erasmus-baratsag\/mezedes-rt\/","title":{"rendered":"M\u00e9z\u00e9des Rt."},"content":{"rendered":"<h1 style=\"text-align: center;\">R\u00f3lunk<\/h1>\n<h2>\u00d6tlet\u00fcnk<\/h2>\n<h2>Term\u00e9keink alapanyagai<\/h2>\n<h2>C\u00e9lk\u00f6z\u00f6ns\u00e9g\u00fcnk<\/h2>\n<h1 style=\"text-align: center;\">Term\u00e9keink<\/h1>\n<p><a href=\"https:\/\/photos.google.com\/u\/4\/album\/AF1QipPJe60AaK9o8MZJKPHnMFcVxllGEcmFYRlpQYh3\/photo\/AF1QipOBhOuoz_dKQskJT8K5UubMxnVPh7Lj2Fr1rBNr?hl=hu\"><img loading=\"lazy\" class=\"aligncenter wp-image-197 size-medium\" src=\"http:\/\/moricz.arrabonus.hu\/erasmus-baratsag\/wp-content\/uploads\/2017\/01\/IMG_20161216_143911-225x300.jpg\" width=\"225\" height=\"300\" srcset=\"https:\/\/moricz.arrabonus.hu\/erasmus-baratsag\/wp-content\/uploads\/2017\/01\/IMG_20161216_143911-225x300.jpg 225w, https:\/\/moricz.arrabonus.hu\/erasmus-baratsag\/wp-content\/uploads\/2017\/01\/IMG_20161216_143911-768x1024.jpg 768w\" sizes=\"(max-width: 225px) 100vw, 225px\" \/><\/a><\/p>\n","protected":false},"excerpt":{"rendered":"<p>R\u00f3lunk \u00d6tlet\u00fcnk Term\u00e9keink alapanyagai C\u00e9lk\u00f6z\u00f6ns\u00e9g\u00fcnk Term\u00e9keink<\/p>\n","protected":false},"author":1,"featured_media":0,"parent":0,"menu_order":0,"comment_status":"closed","ping_status":"closed","template":"","meta":[],"_links":{"self":[{"href":"https:\/\/moricz.arrabonus.hu\/erasmus-baratsag\/wp-json\/wp\/v2\/pages\/50"}],"collection":[{"href":"https:\/\/moricz.arrabonus.hu\/erasmus-baratsag\/wp-json\/wp\/v2\/pages"}],"about":[{"href":"https:\/\/moricz.arrabonus.hu\/erasmus-baratsag\/wp-json\/wp\/v2\/types\/page"}],"author":[{"embeddable":true,"href":"https:\/\/moricz.arrabonus.hu\/erasmus-baratsag\/wp-json\/wp\/v2\/users\/1"}],"replies":[{"embeddable":true,"href":"https:\/\/moricz.arrabonus.hu\/erasmus-baratsag\/wp-json\/wp\/v2\/comments?post=50"}],"version-history":[{"count":6,"href":"https:\/\/moricz.arrabonus.hu\/erasmus-baratsag\/wp-json\/wp\/v2\/pages\/50\/revisions"}],"predecessor-version":[{"id":200,"href":"https:\/\/moricz.arrabonus.hu\/erasmus-baratsag\/wp-json\/wp\/v2\/pages\/50\/revisions\/200"}],"wp:attachment":[{"href":"https:\/\/moricz.arrabonus.hu\/erasmus-baratsag\/wp-json\/wp\/v2\/media?parent=50"}],"curies":[{"name":"wp","href":"https:\/\/api.w.org\/{rel}","templated":true}]}}